 -179 + 115. Let u = p - -127. What is the highest common factor of 49 and u?
7
Let k(i) = i**3 + 11*i**2 - 54*i - 49. Let h be k(-14). What is the highest common factor of 5474 and h?
119
Suppose 4*k - 84 = -3*y, -4*k + 36 - 120 = -3*y. What is the greatest common factor of y and 68?
4
Let x = 2444 - -581. What is the highest common divisor of 121 and x?
121
Let m = 64 + -70. Let i be (-21)/m - ((-3)/(-2) + -1). Let d be -6*i*(-11)/33. What is the highest common divisor of 12 and d?
6
Let f = 126 - 118. Suppose f*b + 3*b - 187 = 0. Calculate the highest common divisor of b and 153.
17
Let a be -2 + 21/(-2)*(-6360)/90. What is the greatest common divisor of 111 and a?
37
Let w(q) = 10*q**2 + 9*q + 3. Let p be w(-1). Suppose p + 11 = f. What is the highest common divisor of 24 and f?
3
Let q be (((-900)/(-8))/(-3))/((-3)/90). What is the highest common divisor of q and 9?
9
Let b = 18436 - 18066. Calculate the highest common divisor of 407 and b.
37
Let s be (1593 - -2)*((-332)/(-581))/((-5)/(-21)). Calculate the highest common divisor of 264 and s.
132
Suppose -4*w + 3*a = -625, -5*w - 3*a + 949 = 134. Let k = 12 - 12. Suppose h + 3*h - w = k. Calculate the highest common divisor of h and 5.
5
Let g(s) = 5*s**3 - 7*s**2 + 11*s + 25. Let t be g(3). What is the highest common divisor of t and 170?
10
Suppose 0 = 2*m + 6, -4*s = m + 3 - 8. Suppose 2*v = p - s*v - 10, -4*p + 57 = v. Calculate the greatest common divisor of 56 and p.
14
Let h(t) = -7*t - 23. Let q be h(-10). Suppose -5*a + q = 2. Let y be (-1 - -21) + (-19 - -17). Calculate the greatest common divisor of y and a.
9
Let o = -26 + 29. Suppose -15459 = -o*z + 3*v, 25763 = 4*z + z - 4*v. Let i be z/119 + 2/(-7). Calculate the greatest common factor of 172 and i.
43
Suppose -76*l + 20*l - 18371 = -50907. What is the highest common divisor of l and 332?
83
Let l(g) = 3*g**2 - 15*g - 9. Let f = -140 + 146. Let t be l(f). Calculate the greatest common factor of 279 and t.
9
Let u be 345/(-720)*-3*16. Let w(m) = -10*m + 29. Let d be w(-27). Calculate the highest common factor of d and u.
23
Let r(i) = 114*i + 1282. Let p be r(0). Calculate the greatest common divisor of p and 2.
2
Let r(t) = 60*t + 2462. Let k be r(-41). Calculate the highest common factor of 37 and k.
1
Let m = 5 - 0. Suppose n = -3, -n = m*j - 2*j - 21. Let r = 1873 - 1857. Calculate the greatest common factor of r and j.
8
Let a(s) = -2*s**2 - 26*s + 44. Let y be a(-14). Suppose -2*i - 2*i + r = -7, 4*r = -4*i + 12. What is the greatest common divisor of i and y?
2
Suppose -15*q + 13 = -16*q. Let i = q + 18. Suppose 174 = -3*o + i*o + 4*n, n - 5 = 0. Calculate the greatest common divisor of 7 and o.
7
Let l be 159/33 + (-4)/(-22). Suppose -l*q - 6*o + 2*o + 564 = 0, -335 = -3*q + o. Suppose 5*t - 38 - q = 0. What is the greatest common factor of 6 and t?
6
Suppose 295*m - 562465 = 1152337 - 390842. What is the greatest common divisor of m and 96?
24
Let x(h) = -1201*h**2 - 6*h - 5. Let b be x(-1). Let w be (b/(-9))/(-3*(-4)/36). Calculate the greatest common divisor of 25 and w.
25
Suppose 91*m - 16547 - 379 = 0. Calculate the highest common factor of m and 806.
62
Let y be (-7004)/(-14) - 8/(-308)*-11. What is the highest common divisor of 580 and y?
20
Let g(m) = 2*m**2 + 3*m. Let u be g(-2). Suppose -540*b + 532*b + 64 = 0. Let w be (-112)/21*(b/(-1) + 5). What is the greatest common divisor of w and u?
2
Suppose 3*o + 616 = 5*j, 2*j + 51*o - 238 = 55*o. Suppose -d - 29 = -129. Calculate the highest common divisor of d and j.
25
Let o = 27 + -17. Let w be 118/(-531) + 58/18. Suppose 7*d + w*d = o. What is the greatest common factor of d and 1?
1
Let z(v) = v**3 - 19*v**2 + 38*v - 31. Let d be z(17). Suppose 0 = -d*a - 21 + 206. Suppose 17 = w + 2. What is the greatest common factor of a and w?
5
Let f(h) = -h**3 - 6*h**2 + 6*h - 6. Let d be f(-7). Let p be 2 - (-15)/5*24/9. Calculate the highest common divisor of d and p.
1
Let s be (-5)/(-2)*20/25. Let g = 128 - 128. Suppose 5*p - 1 - 89 = g. Calculate the highest common factor of s and p.
2
Let j be -3*((-1)/3)/(12/(-36)). Let n(u) = 34*u**2 - 11*u - 39. Let s be n(j). What is the greatest common factor of s and 60?
60
Suppose j = -j + 12. Suppose -5*t + 5*m - 112 = -27, -65 = 5*t - m. Let y = j - t. Calculate the greatest common factor of 36 and y.
18
Suppose -1140 = -11*i + 4. Let h(c) = 2*c - 1. Let p be 2 - (16/(-4) + -1). Let j be h(p). What is the greatest common divisor of i and j?
13
Suppose 16*l = 5*l + 385. Let v be 2/((49/l)/7). Calculate the highest common factor of 25 and v.
5
Suppose 3*g - 3*v - 171 = 0, 233 = 4*g - 7*v + 2*v. Let j = g + -49. Let l = -838 + 865. What is the greatest common divisor of l and j?
3
Let z = 10 - -16. Suppose -6*v + 7*v = -z. Let m = -11 - v. Calculate the greatest common factor of m and 3.
3
Let r = 2828 + -2880. Let q = 1 - 13. Let k = q - r. What is the highest common factor of 60 and k?
20
Let u be 39 + (12/30*-5)/((-4)/12). What is the highest common factor of u and 10?
5
Let n(r) = 42*r - 2. Suppose u = -5*v + 5, -3*v - 4 = -7*v + 5*u. Let i be n(v). Let w = i - 10. Calculate the highest common factor of w and 6.
6
Suppose -6*d + 3*c + 26 = -2*d, -6 = -3*c. Suppose -d*j - 380 = -5*x - 3*j, x - 5*j - 80 = 0. Calculate the highest common factor of x and 75.
75
Let z be ((-1)/(-7) + 24/(-21))*-8. Suppose -3*s - 4*b + 96 = 0, 3*b = 13*s - 12*s - 32. Calculate the highest common factor of s and z.
8
Let g(u) = 2*u**3 + 74*u**2 + 2*u + 135. Let a be g(-37). What is the highest common divisor of a and 16409?
61
Let d(a) = -135*a**3 + 4*a**2 - 3*a - 1. Let u be d(1). Let m be (-2)/(-3) - 7740/u. What is the highest common factor of 145 and m?
29
Let v(q) = q**2 + 4*q + 1. Let w(m) = -252*m**2 - 924*m - 231. Let i(o) = -462*v(o) - 2*w(o). Let l be i(2). Calculate the greatest common divisor of 140 and l.
28
Let u(d) = -51*d - 1526. Let g be u(-30). Let i = -10 - -8. Let j = i - -46. What is the greatest common divisor of j and g?
4
Let c = 477 - 453. Let n be 98/4 - (-8)/(-16). Calculate the greatest common factor of c and n.
24
Let z = -199 - -244. Let h be 18/z + (-176)/(-10). Calculate the greatest common factor of 18 and h.
18
Suppose 104*u - 2760 = 112*u. Let m = u + 378. What is the greatest common divisor of m and 88?
11
Suppose 5337 = 9*j - 1791. Suppose 0 = l + j - 1221. Calculate the greatest common divisor of l and 26.
13
Let q be (-5)/(20/(-16)) + -19. Let r be (4 - 153/q) + (-1)/5. Suppose 11*d - r - 162 = 0. Calculate the highest common divisor of 144 and d.
16
Suppose -4*j = -f - 4, -691*f + 690*f - j = -6. Calculate the greatest common factor of 202 and f.
2
Let d(g) = 39*g - 152. Let b be d(4). Suppose -v + b*u - 156 = -5*v, 0 = v + 5*u - 35. What is the greatest common factor of 10 and v?
10
Let f be (4 - 472/52) + 1/13. Let n be f/((30/(-228))/5). What is the greatest common factor of 76 and n?
38
Let t(o) = o**2 - 75*o - 152. Let y be t(-2). What is the greatest common factor of 4300 and y?
2
Suppose 20*z - 15*z = 20. Suppose -z*y + 42 = -3*y + 4*a, 5*y + 4*a - 210 = 0. Suppose -2*r = r - y. What is the highest common factor of 154 and r?
14
Let m(w) = -324*w**3 - 4*w**2 + 2*w + 2. Let t be m(1). Let j = -272 - t. Calculate the greatest common factor of 26 and j.
26
Let u(o) = -81*o + 2. Let g be u(-3). Suppose g = -2*j + 7*j. Let h be (-4406)/(-18) - (-356)/1602. Calculate the highest common divisor of j and h.
49
Suppose -2*m = -4*c + 12, 5*c - 7*m = -3*m + 21. Suppose 5*a - 4 = c, -284 = -2*b + 4*a. What is the highest common divisor of b and 112?
16
Let v = -337 + 337. Suppose v = 15*b - 23*b + 168. Calculate the highest common factor of 3 and b.
3
Suppose 0 = -5*y - 1 + 6. Let h be 20/y - (-1 - -2). Let b = 1437077 - 1437058. What is the greatest common divisor of b and h?
19
Suppose 2*u = 5*j - 83, -5*u - 4 = j + 1. Suppose 0 = 20*g - j*g - 560. What is the highest common divisor of 98 and g?
14
Suppose -341*z + 27500 + 1485 = 0. Let i(h) = -4 + 3 - 3*h - 3. Let p be i(-7). What is the greatest common divisor of z and p?
17
Let p be (-32)/(-10)*(-734 + 2)*10/(-3). What is the highest common divisor of p and 128?
128
Suppose 24*n = 253 + 79 + 4. Suppose 0*h = 2*h + 3*k, 0 = 3*h - 3*k. Let c(t) = -